- 9. Determine t(-11).
2
Let g(d) = -d - 11. What is g(7)?
-18
Let z(f) = -5*f + 72. Calculate z(19).
-23
Let y(q) = -2*q**2 + 7*q + 7. Determine y(5).
-8
Let r(w) = -10*w + 78. Calculate r(10).
-22
Let u(a) = 10*a + 632. Give u(-63).
2
Let p(w) = w**2 - 3*w - 3. Determine p(0).
-3
Let z(u) = 2*u - 18. Calculate z(16).
14
Let o(y) = -y**2 - 14*y + 20. What is o(-14)?
20
Let j(u) = -u**3 - 38*u**2 - 70*u + 78. Calculate j(-36).
6
Let v(f) = f**3 + 3*f**2 - f + 8. Calculate v(-4).
-4
Let l(j) = -j**3 - 4*j**2 + 8*j + 1. Determine l(-6).
25
Let i(h) = h**2 + 7*h + 4. Give i(-9).
22
Let x(n) = -2*n**2 - 6*n - 3. Calculate x(-8).
-83
Let v(y) = y**3 - 3*y**2 - 3*y + 1. Determine v(4).
5
Let s(l) = -l**3 - 15*l**2 - 17*l - 28. Give s(-14).
14
Let a(k) = k**2 + 46*k - 257. What is a(5)?
-2
Let i(c) = 2*c**2 - 22*c + 60. What is i(3)?
12
Let c(r) = -r**2 - 3*r - 5. What is c(0)?
-5
Let r(p) = -2*p - 6. What is r(6)?
-18
Let t(y) = 36*y**2 + y. Calculate t(1).
37
Let z(j) = j**3 - 17*j**2 - 20*j + 41. Give z(18).
5
Let p(f) = f**3 + 19*f**2 - 23*f - 46. Calculate p(-20).
14
Let l(k) = -k**3 - 17*k**2 + 14*k + 10. What is l(-18)?
82
Let g(y) = -y**2 - 20*y + 20. Calculate g(-20).
20
Let p(u) = 7*u - 34. What is p(4)?
-6
Let s(h) = h**3 - 38*h**2 + 72*h - 6. Determine s(36).
-6
Let l(p) = 112*p + 219. Determine l(-2).
-5
Let c(r) = -41*r - 539. Calculate c(-13).
-6
Let b(z) = 2*z. What is b(10)?
20
Let g(w) = -w**3 - 15*w**2 - w - 26. Calculate g(-15).
-11
Let g(i) = i - 10. Give g(10).
0
Let b(w) = 8*w - 61. What is b(7)?
-5
Let m(q) = 2*q**3 + 55*q**2 + 78*q + 4. Give m(-26).
4
Let b(i) = -i**3 - 30*i**2 - 56*i - 4. Determine b(-28).
-4
Let v(n) = -12*n**3 + 2*n**2 - 3*n + 4. Give v(2).
-90
Let q(w) = -8*w - 5. Calculate q(-6).
43
Let o(b) = -b**3 + 7*b**2 - 3*b + 8. Determine o(7).
-13
Let t(r) = -2*r**2 - 32*r + 19. Give t(-15).
49
Let b(l) = -2*l - 8. Calculate b(-8).
8
Let u(j) = -5*j + 171. What is u(37)?
-14
Let v(s) = 8*s - 82. What is v(5)?
-42
Let g(u) = 12*u**2 - 1. Calculate g(-1).
11
Let a(m) = m**3 + 7*m**2 + 10*m - 7. What is a(-6)?
-31
Let a(q) = -q**2 + 16*q - 60. What is a(6)?
0
Let n(u) = -3*u**2 - 4*u - 3. Determine n(-3).
-18
Let t(g) = -g**2 - 21*g + 51. What is t(-24)?
-21
Let q(p) = p**3 + 26*p**2 + 23*p - 58. Determine q(-25).
-8
Let u(y) = y**2 + 11*y + 10. Calculate u(-11).
10
Let f(u) = -u**3 - 7*u**2 + 24*u + 59. Calculate f(-9).
5
Let s(k) = -8*k**2 + 23*k + 23. Determine s(-1).
-8
Let y(c) = -4*c**2 + 6*c. Calculate y(1).
2
Let g(r) = r**2 + 20*r - 36. Calculate g(-22).
8
Let s(o) = -o**3 - 4*o**2 - 5*o - 11. Calculate s(-5).
39
Let j(a) = 2*a**2 - 9*a - 16. Give j(5).
-11
Let y(w) = 27*w**2 - 1. What is y(1)?
26
Let b(a) = a - 3. Calculate b(-3).
-6
Let s(r) = r**3 + 13*r**2 - 10*r + 1. Determine s(-14).
-55
Let b(s) = -s**2 - 2*s - 4. Give b(-4).
-12
Let s(h) = -2*h**2 + 13*h + 8. Give s(7).
1
Let n(m) = -63*m**3 - 2*m**2 - 3*m - 1. What is n(-1)?
63
Let x(q) = -q**3 - 3*q**2 - q + 4. What is x(2)?
-18
Let i(x) = -2*x + 32. Determine i(19).
-6
Let u(x) = 84*x - 3108. Calculate u(37).
0
Let r(q) = -4*q**2 + 6*q - 8. Give r(3).
-26
Let a(y) = -8*y - 7. What is a(-1)?
1
Let k(l) = -l - 29. What is k(-7)?
-22
Let y(u) = u**3 - 21*u**2 - 21*u - 2. What is y(22)?
20
Let d(k) = -k**3 + 21*k**2 + 21*k + 24. What is d(22)?
2
Let o(a) = 8*a - 37. Give o(4).
-5
Let b(z) = 11*z - 3. Give b(3).
30
Let z(q) = -q**3 - 24*q**2 + 28*q + 77. Determine z(-25).
2
Let h(i) = 4*i**3 - i. Give h(1).
3
Let m(n) = 5*n - 1. Determine m(-1).
-6
Let u(c) = -2*c**3 + 4*c**2 - 3. Give u(2).
-3
Let h(d) = 9*d**3 - d**2 + 1. Calculate h(2).
69
Let o(v) = v**3 - 7*v**2 + 13*v - 19. What is o(7)?
72
Let c(z) = z**2 + 1. Calculate c(-2).
5
Let v(c) = -10*c + 27. What is v(3)?
-3
Let s(m) = -2*m**3 + m**2 + 5*m - 5. Determine s(4).
-97
Let v(g) = -g**2 + 15*g - 21. Determine v(14).
-7
Let g(m) = 2*m**2 + 34*m + 107. What is g(-6)?
-25
Let t(q) = q - 4. Determine t(-3).
-7
Let y(f) = -f**3 + 12*f**2 - 11*f - 2. Give y(11).
-2
Let t(p) = -3*p + 3. What is t(-2)?
9
Let m(d) = -d**3 - 3*d**2 - 11*d - 91. Give m(-5).
14
Let z(r) = -r**3 - 17*r**2 - 33*r - 35. Give z(-15).
10
Let z(j) = -11*j**2 - 4*j - 2. Determine z(-2).
-38
Let p(h) = -h**3 + 3*h**2 + 12*h - 5. Give p(5).
5
Let f(t) = 12*t + 22. Determine f(-7).
-62
Let v(m) = -m**2 - 2*m - 1. Calculate v(-5).
-16
Let l(g) = -g - 2. Determine l(5).
-7
Let f(h) = -h**2 - 13*h + 1. Calculate f(-14).
-13
Let d(n) = 70*n + 344. Give d(-5).
-6
Let i(r) = -r**3 + 4*r**2 - r + 16. Determine i(4).
12
Let c(r) = r**3 + 5*r**2 - 4*r - 12. Determine c(-5).
8
Let s(t) = -2*t**2 + 6*t + 6. Determine s(3).
6
Let a(x) = -x - 3. Determine a(5).
-8
Let o(i) = -4*i + 182. Determine o(43).
10
Let v(u) = 2*u**2 - 5*u + 6. What is v(2)?
4
Let d(r) = r**3 - r**2 + r - 1. What is d(2)?
5
Let z(x) = -x**3 - 18*x**2 + 17*x - 9. Determine z(-19).
29
Let s(j) = 2*j - 62. Calculate s(31).
0
Let k(n) = -4*n**2 + 4*n - 4. Give k(-4).
-84
Let g(n) = -n**2 - 1. Give g(-1).
-2
Let j(x) = x**2 - 21*x + 32. Determine j(20).
12
Let l(z) = 6*z + 48. Give l(-9).
-6
Let v(n) = 5*n + 2. Determine v(8).
42
Let s(d) = 31*d + 3. What is s(2)?
65
Let n(p) = 2*p - 21. Give n(4).
-13
Let s(j) = j**3 - 4*j**2 - 4*j + 4. Give s(3).
-17
Let y(z) = -2*z**3 - 6*z**2 + 7*z + 1. Determine y(-4).
5
Let l(z) = -z**3 + 46*z**2 - 42*z - 145. What is l(45)?
-10
Let u(p) = p**3 + 5*p**2 + 2*p + 3. Give u(-2).
11
Let u(a) = -2*a**2 - 14*a - 22. Determine u(-4).
2
Let f(y) = -3*y**2 + 5*y - 6. Calculate f(3).
-18
Let u(y) = 32*y - 9. Determine u(0).
-9
Let a(i) = -2*i**2 + 3*i - 9. What is a(4)?
-29
Let j(d) = d**2 + 4*d - 21. Calculate j(-8).
11
Let o(a) = -a**2 - 14*a + 439. Determine o(-29).
4
Let a(g) = g**2 - 3. Calculate a(2).
1
Let y(o) = o**3 - o**2 - 2*o - 2. Determine y(-3).
-32
Let y(p) = -p**2 + 24*p - 136. What is y(9)?
-1
Let t(s) = -s**3 + 5*s**2 + 5*s - 2. Calculate t(4).
34
Let i(a) = a**2 + 3*a - 10. What is i(0)?
-10
Let m(k) = 4*k**2 + 4*k + 5. Give m(-4).
53
Let u(k) = -2*k**2 - 10*k + 6. Calculate u(-5).
6
Let q(z) = -z + 16. Give q(16).
0
Let k(v) = -6*v + 46. What is k(9)?
-8
Let y(o) = o**3 - 4*o**2 - 8*o - 9. Give y(5).
-24
Let a(b) = b**3 - 6*b**2 - 15*b - 4. Determine a(8).
4
Let y(u) = -u**2 + 4*u + 12. Determine y(6).
0
Let g(r) = r**2 + 14*r - 8. Calculate g(-13).
-21
Let s(p) = p**3 + p**2 - p + 62. Calculate s(0).
62
Let p(u) = u**3 + 3*u**2 - 9*u + 1. Calculate p(-5).
-4
Let y(m) = 10*m**2 - 1. Determine y(-2).
39
Let a(q) = -q**2 + 13*q - 72. What is a(8)?
-32
Let y(l) = -l**3 - 11*l**2 - 8*l + 9. What is y(-10)?
-11
Let d(q) = q**2 - 3*q + 4. What is d(6)?
22
Let c(v) = -44*v**3 + 2*v**2 + 2*v + 1. What is c(-1)?
45
Let y(i) = 2*i - 5. Give y(5).
5
Let a(c) = 11*c + 61. Determine a(-5).
6
Let r(g) = -2*g**2 + g + 3. Calculate r(4).
-25
Let c(m) = -28*m**2 - m + 1. Determine c(1).
-28
Let m(k) = 4*k**3 + 3*k**2 - 5*k - 16. What is m(-2)?
-26
Let n(r) = 6*r**2 - 2*r - 8. What is n(-4)?
96
Let q(l) = -l**3 - 7*l**2 + l. Calculate q(-8).
56
Let w(l) = l**3 - 8*l**2 - 9*l - 21. Determine w(9).
-21
Let l(h) = 24*h**3 - h**2. Give l(-1).
-25
Let n(u) = u**2 - 14*u - 14. What is n(17)?
37
Let v(t) = -t**2 - 88*t - 84. Calculate v(-87).
3
Let k(y) = 3*y**2 - 7*y - 2. Calculate k(5).
38
Let a(j) = -20*j - 3. What is a(1)?
-23
Let d(g) = g**3 + 5*g**2 + 7. Give d(-5).
7
Let t(l) = 7*l - 16. Determine t(3).
5
Let l(m) = 2*m + 28. Calculate l(-11).
6
Let f(r) = 26*r + 361. Calculate f(-14).
-3
Let a(f) = f**2 + 14*f + 21. Determine a(-12).
-3
Let i(g) = 6*g - 35. What is i(6)?
1
Let z(h) = -h**3 + 5*h**2 + 14*h + 6. Determine z(7).
6
Let o(z) = z**3 - 9*z**2 - 8*z - 15. What is o(10)?
5
Let g(r) = 2*r**2 - 2*r + 1. Give g(1).
1
Let j(l) = -6*l**2 + 5*l - 3. Calculate j(2).
-17
Let g(s) = -s**3 + 7*s**2 + 7*s - 8. What is g(8)?
-16
Let c(v) = 4*v. Determine c(2).
8
Let d(p) = p**2 - 7*p. Calculate d(6).
-6
Let l(w) = 2*w - 42. Determine l(4).
-34
Let q(j) = -j**3 + 4*j**2 + 11*j + 3. Calculate q(6).
-3
Let b(q) = -12*q + 81. Give b(7).
-3
Let l(s) = s**3 - 21*s**2 - 22*s - 11. Determine l(22).
-11
Let c(t) = t**3 + 9*t**2 + 4*t. Calculate c(-8).
32
Let f(d) = -17*d**2 + 4*d + 2. Determine f(-2).
-74
Let p(o) = -4*o + 156. What is p(39)?
0
Let